{"id":15,"date":"2019-09-03T22:44:48","date_gmt":"2019-09-03T20:44:48","guid":{"rendered":"http:\/\/viesques.com\/coro-viesques\/?page_id=15"},"modified":"2026-04-11T23:12:51","modified_gmt":"2026-04-11T21:12:51","slug":"formacion-del-coro-de-viesques","status":"publish","type":"page","link":"https:\/\/viesques.com\/coro-viesques\/","title":{"rendered":"CORO VIESQUES"},"content":{"rendered":"<h1 style=\"text-align: center;\"><span style=\"color: #008000;\">CORO VIESQUES\u00a0<\/span><\/h1>\n<h4>Continuamos nuestra singladura, y ahora con mas actuaciones. Aunque lo verdaramente importante es la uni\u00f3n del grupo, y como no, la diversi\u00f3n posterior a las actuaciones, conocer otras personas con nuestro misma afici\u00f3n, como es cantar.<\/h4>\n<h4>Poco a poco vamos ampliando horizontes, tanto geogr\u00e1ficos como musicales.<\/h4>\n<h4>Quiza no seamos el mejor coro, pero s\u00ed que tenemos muchos \u00e1nimos, y queremos pasarlo bien y divertirnos.<\/h4>\n<p>&nbsp;<\/p>\n<h4>ENSAYOS:<\/h4>\n<h4>Se realizan todos los viernes de 7 a 9 de la tarde, en el colegio Bego\u00f1a de Viesques. Puedes acudir, si previo aviso, y probar si te gusta.<\/h4>\n<p>&nbsp;<\/p>\n<p><img loading=\"lazy\" decoding=\"async\" class=\"size-large wp-image-278 aligncenter\" src=\"https:\/\/viesques.com\/coro-viesques\/wp-content\/uploads\/sites\/4\/2024\/11\/Anuncio2024-1024x724.jpg\" alt=\"\" width=\"630\" height=\"445\" srcset=\"https:\/\/viesques.com\/coro-viesques\/wp-content\/uploads\/sites\/4\/2024\/11\/Anuncio2024-1024x724.jpg 1024w, https:\/\/viesques.com\/coro-viesques\/wp-content\/uploads\/sites\/4\/2024\/11\/Anuncio2024-300x212.jpg 300w, https:\/\/viesques.com\/coro-viesques\/wp-content\/uploads\/sites\/4\/2024\/11\/Anuncio2024-768x543.jpg 768w, https:\/\/viesques.com\/coro-viesques\/wp-content\/uploads\/sites\/4\/2024\/11\/Anuncio2024-1536x1086.jpg 1536w, https:\/\/viesques.com\/coro-viesques\/wp-content\/uploads\/sites\/4\/2024\/11\/Anuncio2024.jpg 1754w\" sizes=\"auto, (max-width: 630px) 100vw, 630px\" \/><\/p>\n<h2><span style=\"color: #339966;\"><strong>TE ANIMAMOS A QUE TU TAMBIEN FO<\/strong><\/span><span style=\"color: #339966;\"><strong>RMES PARTE DE NOSOTROS<\/strong><\/span><\/h2>\n<h2><strong><em>\u00a0 \u00a0 \u00a0 \u00a0 \u00a0 \u00a0 \u00a0 \u00a0 \u00a0 \u00a0 \u00a0 \u00a0 \u00a0 \u00a0 \u00a0 \u00a0 \u00a0 \u00a0 \u00a0 \u00a0 \u00a0 \u00a0 \u00a0TE ESPERAMOS<\/em><\/strong><\/h2>\n<h1><\/h1>\n<h1>\u00a0 \u00a0 \u00a0 \u00a0 \u00a0 \u00a0 \u00a0<a href=\"https:\/\/viesques.com\/coro-viesques\/ensayos\/\" target=\"_blank\" rel=\"noopener\">ENSAYOS<\/a><\/h1>\n<p>&nbsp;<\/p>\n<h1>\u00a0\u00a0\u00a0\u00a0\u00a0\u00a0\u00a0\u00a0\u00a0\u00a0\u00a0\u00a0\u00a0<a href=\"https:\/\/viesques.com\/coro-viesques\/excursiones\/\" target=\"_blank\" rel=\"noopener\">EXCURSIONES<\/a><\/h1>\n<h2><span style=\"color: #800000;\">\u00a0 \u00a0\u00a0<\/span><\/h2>\n<h2><\/h2>\n<h1><\/h1>\n<h4><\/h4>\n","protected":false},"excerpt":{"rendered":"<p>CORO VIESQUES\u00a0 Continuamos nuestra singladura, y ahora con mas actuaciones. Aunque lo verdaramente importante es la uni\u00f3n del grupo, y como no, la diversi\u00f3n posterior a las actuaciones, conocer otras personas con nuestro misma afici\u00f3n, como es cantar. Poco a poco vamos ampliando horizontes, tanto geogr\u00e1ficos como musicales. Quiza no seamos el mejor coro, pero [&hellip;]<\/p>\n","protected":false},"author":1,"featured_media":278,"parent":0,"menu_order":0,"comment_status":"closed","ping_status":"closed","template":"page-full_width.php","meta":{"footnotes":""},"class_list":["post-15","page","type-page","status-publish","has-post-thumbnail","hentry"],"yoast_head":"<!-- This site is optimized with the Yoast SEO plugin v24.1 - https:\/\/yoast.com\/wordpress\/plugins\/seo\/ -->\n<title>CORO VIESQUES - CORO DE VIESQUES<\/title>\n<meta name=\"robots\" content=\"index, follow, max-snippet:-1, max-image-preview:large, max-video-preview:-1\" \/>\n<link rel=\"canonical\" href=\"https:\/\/viesques.com\/coro-viesques\/\" \/>\n<meta property=\"og:locale\" content=\"es_ES\" \/>\n<meta property=\"og:type\" content=\"article\" \/>\n<meta property=\"og:title\" content=\"CORO VIESQUES - CORO DE VIESQUES\" \/>\n<meta property=\"og:description\" content=\"CORO VIESQUES\u00a0 Continuamos nuestra singladura, y ahora con mas actuaciones. Aunque lo verdaramente importante es la uni\u00f3n del grupo, y como no, la diversi\u00f3n posterior a las actuaciones, conocer otras personas con nuestro misma afici\u00f3n, como es cantar. Poco a poco vamos ampliando horizontes, tanto geogr\u00e1ficos como musicales. Quiza no seamos el mejor coro, pero [&hellip;]\" \/>\n<meta property=\"og:url\" content=\"https:\/\/viesques.com\/coro-viesques\/\" \/>\n<meta property=\"og:site_name\" content=\"CORO DE VIESQUES\" \/>\n<meta property=\"article:modified_time\" content=\"2026-04-11T21:12:51+00:00\" \/>\n<meta property=\"og:image\" content=\"https:\/\/viesques.com\/coro-viesques\/wp-content\/uploads\/sites\/4\/2024\/11\/Anuncio2024.jpg\" \/>\n\t<meta property=\"og:image:width\" content=\"1754\" \/>\n\t<meta property=\"og:image:height\" content=\"1240\" \/>\n\t<meta property=\"og:image:type\" content=\"image\/jpeg\" \/>\n<meta name=\"twitter:card\" content=\"summary_large_image\" \/>\n<meta name=\"twitter:label1\" content=\"Tiempo de lectura\" \/>\n\t<meta name=\"twitter:data1\" content=\"1 minuto\" \/>\n<script type=\"application\/ld+json\" class=\"yoast-schema-graph\">{\"@context\":\"https:\/\/schema.org\",\"@graph\":[{\"@type\":\"WebPage\",\"@id\":\"https:\/\/viesques.com\/coro-viesques\/\",\"url\":\"https:\/\/viesques.com\/coro-viesques\/\",\"name\":\"CORO VIESQUES - CORO DE VIESQUES\",\"isPartOf\":{\"@id\":\"https:\/\/viesques.com\/coro-viesques\/#website\"},\"primaryImageOfPage\":{\"@id\":\"https:\/\/viesques.com\/coro-viesques\/#primaryimage\"},\"image\":{\"@id\":\"https:\/\/viesques.com\/coro-viesques\/#primaryimage\"},\"thumbnailUrl\":\"https:\/\/viesques.com\/coro-viesques\/wp-content\/uploads\/sites\/4\/2024\/11\/Anuncio2024.jpg\",\"datePublished\":\"2019-09-03T20:44:48+00:00\",\"dateModified\":\"2026-04-11T21:12:51+00:00\",\"breadcrumb\":{\"@id\":\"https:\/\/viesques.com\/coro-viesques\/#breadcrumb\"},\"inLanguage\":\"es\",\"potentialAction\":[{\"@type\":\"ReadAction\",\"target\":[\"https:\/\/viesques.com\/coro-viesques\/\"]}]},{\"@type\":\"ImageObject\",\"inLanguage\":\"es\",\"@id\":\"https:\/\/viesques.com\/coro-viesques\/#primaryimage\",\"url\":\"https:\/\/viesques.com\/coro-viesques\/wp-content\/uploads\/sites\/4\/2024\/11\/Anuncio2024.jpg\",\"contentUrl\":\"https:\/\/viesques.com\/coro-viesques\/wp-content\/uploads\/sites\/4\/2024\/11\/Anuncio2024.jpg\",\"width\":1754,\"height\":1240},{\"@type\":\"BreadcrumbList\",\"@id\":\"https:\/\/viesques.com\/coro-viesques\/#breadcrumb\",\"itemListElement\":[{\"@type\":\"ListItem\",\"position\":1,\"name\":\"Portada\",\"item\":\"https:\/\/viesques.com\/coro-viesques\/\"},{\"@type\":\"ListItem\",\"position\":2,\"name\":\"CORO VIESQUES\"}]},{\"@type\":\"WebSite\",\"@id\":\"https:\/\/viesques.com\/coro-viesques\/#website\",\"url\":\"https:\/\/viesques.com\/coro-viesques\/\",\"name\":\"CORO DE VIESQUES\",\"description\":\"CORO DE VIESQUES\",\"potentialAction\":[{\"@type\":\"SearchAction\",\"target\":{\"@type\":\"EntryPoint\",\"urlTemplate\":\"https:\/\/viesques.com\/coro-viesques\/?s={search_term_string}\"},\"query-input\":{\"@type\":\"PropertyValueSpecification\",\"valueRequired\":true,\"valueName\":\"search_term_string\"}}],\"inLanguage\":\"es\"}]}<\/script>\n<!-- \/ Yoast SEO plugin. -->","yoast_head_json":{"title":"CORO VIESQUES - CORO DE VIESQUES","robots":{"index":"index","follow":"follow","max-snippet":"max-snippet:-1","max-image-preview":"max-image-preview:large","max-video-preview":"max-video-preview:-1"},"canonical":"https:\/\/viesques.com\/coro-viesques\/","og_locale":"es_ES","og_type":"article","og_title":"CORO VIESQUES - CORO DE VIESQUES","og_description":"CORO VIESQUES\u00a0 Continuamos nuestra singladura, y ahora con mas actuaciones. Aunque lo verdaramente importante es la uni\u00f3n del grupo, y como no, la diversi\u00f3n posterior a las actuaciones, conocer otras personas con nuestro misma afici\u00f3n, como es cantar. Poco a poco vamos ampliando horizontes, tanto geogr\u00e1ficos como musicales. Quiza no seamos el mejor coro, pero [&hellip;]","og_url":"https:\/\/viesques.com\/coro-viesques\/","og_site_name":"CORO DE VIESQUES","article_modified_time":"2026-04-11T21:12:51+00:00","og_image":[{"width":1754,"height":1240,"url":"https:\/\/viesques.com\/coro-viesques\/wp-content\/uploads\/sites\/4\/2024\/11\/Anuncio2024.jpg","type":"image\/jpeg"}],"twitter_card":"summary_large_image","twitter_misc":{"Tiempo de lectura":"1 minuto"},"schema":{"@context":"https:\/\/schema.org","@graph":[{"@type":"WebPage","@id":"https:\/\/viesques.com\/coro-viesques\/","url":"https:\/\/viesques.com\/coro-viesques\/","name":"CORO VIESQUES - CORO DE VIESQUES","isPartOf":{"@id":"https:\/\/viesques.com\/coro-viesques\/#website"},"primaryImageOfPage":{"@id":"https:\/\/viesques.com\/coro-viesques\/#primaryimage"},"image":{"@id":"https:\/\/viesques.com\/coro-viesques\/#primaryimage"},"thumbnailUrl":"https:\/\/viesques.com\/coro-viesques\/wp-content\/uploads\/sites\/4\/2024\/11\/Anuncio2024.jpg","datePublished":"2019-09-03T20:44:48+00:00","dateModified":"2026-04-11T21:12:51+00:00","breadcrumb":{"@id":"https:\/\/viesques.com\/coro-viesques\/#breadcrumb"},"inLanguage":"es","potentialAction":[{"@type":"ReadAction","target":["https:\/\/viesques.com\/coro-viesques\/"]}]},{"@type":"ImageObject","inLanguage":"es","@id":"https:\/\/viesques.com\/coro-viesques\/#primaryimage","url":"https:\/\/viesques.com\/coro-viesques\/wp-content\/uploads\/sites\/4\/2024\/11\/Anuncio2024.jpg","contentUrl":"https:\/\/viesques.com\/coro-viesques\/wp-content\/uploads\/sites\/4\/2024\/11\/Anuncio2024.jpg","width":1754,"height":1240},{"@type":"BreadcrumbList","@id":"https:\/\/viesques.com\/coro-viesques\/#breadcrumb","itemListElement":[{"@type":"ListItem","position":1,"name":"Portada","item":"https:\/\/viesques.com\/coro-viesques\/"},{"@type":"ListItem","position":2,"name":"CORO VIESQUES"}]},{"@type":"WebSite","@id":"https:\/\/viesques.com\/coro-viesques\/#website","url":"https:\/\/viesques.com\/coro-viesques\/","name":"CORO DE VIESQUES","description":"CORO DE VIESQUES","potentialAction":[{"@type":"SearchAction","target":{"@type":"EntryPoint","urlTemplate":"https:\/\/viesques.com\/coro-viesques\/?s={search_term_string}"},"query-input":{"@type":"PropertyValueSpecification","valueRequired":true,"valueName":"search_term_string"}}],"inLanguage":"es"}]}},"_links":{"self":[{"href":"https:\/\/viesques.com\/coro-viesques\/wp-json\/wp\/v2\/pages\/15","targetHints":{"allow":["GET"]}}],"collection":[{"href":"https:\/\/viesques.com\/coro-viesques\/wp-json\/wp\/v2\/pages"}],"about":[{"href":"https:\/\/viesques.com\/coro-viesques\/wp-json\/wp\/v2\/types\/page"}],"author":[{"embeddable":true,"href":"https:\/\/viesques.com\/coro-viesques\/wp-json\/wp\/v2\/users\/1"}],"replies":[{"embeddable":true,"href":"https:\/\/viesques.com\/coro-viesques\/wp-json\/wp\/v2\/comments?post=15"}],"version-history":[{"count":89,"href":"https:\/\/viesques.com\/coro-viesques\/wp-json\/wp\/v2\/pages\/15\/revisions"}],"predecessor-version":[{"id":317,"href":"https:\/\/viesques.com\/coro-viesques\/wp-json\/wp\/v2\/pages\/15\/revisions\/317"}],"wp:featuredmedia":[{"embeddable":true,"href":"https:\/\/viesques.com\/coro-viesques\/wp-json\/wp\/v2\/media\/278"}],"wp:attachment":[{"href":"https:\/\/viesques.com\/coro-viesques\/wp-json\/wp\/v2\/media?parent=15"}],"curies":[{"name":"wp","href":"https:\/\/api.w.org\/{rel}","templated":true}]}}